3 composite?
True
Is 1004858753 a composite number?
True
Is 794210601 a prime number?
False
Is 39470653951 composite?
False
Is 11975040983 composite?
True
Is 8361275771 prime?
True
Is 433011079 prime?
False
Is 347737063 prime?
False
Is 101906671787 prime?
True
Is 2350782199 a prime number?
False
Is 15992484439 prime?
True
Is 6190210219 a prime number?
True
Is 4375517 a prime number?
False
Is 1536045151 a composite number?
True
Is 1582493639 prime?
True
Is 6303055289 prime?
True
Is 626613998 prime?
False
Is 107140447 composite?
True
Is 1069503577 a prime number?
True
Is 79868273 composite?
False
Is 31533828187 a composite number?
False
Is 1415834363 prime?
True
Is 646122783 composite?
True
Is 35004599999 prime?
False
Is 1740508351 composite?
False
Is 5578241489 prime?
True
Is 297375151 a prime number?
False
Is 2138930551 a composite number?
False
Is 140778798203 a composite number?
True
Is 266308253 a composite number?
True
Is 4963855657 a composite number?
True
Is 111422071 prime?
True
Is 1656362671 a prime number?
True
Is 1520346797 prime?
True
Is 91424343163 a prime number?
False
Is 1290187895 composite?
True
Is 223918477729 prime?
True
Is 1534306271 a prime number?
True
Is 27734129471 a prime number?
True
Is 11870316637 prime?
False
Is 7294221547 prime?
False
Is 3131101541 composite?
False
Is 512192986 composite?
True
Is 5682762439 a composite number?
True
Is 3715182931 a composite number?
False
Is 129529858 a prime number?
False
Is 12447804833 composite?
True
Is 72923533783 composite?
False
Is 1558975933 composite?
False
Is 3619737071 a composite number?
True
Is 19362104981 a prime number?
True
Is 1217227511 a composite number?
False
Is 396339659 prime?
True
Is 47593071467 a prime number?
False
Is 22969636841 a composite number?
False
Is 1452910057 composite?
False
Is 2827620479 composite?
False
Is 18302873 a prime number?
True
Is 1780857037 prime?
False
Is 880260335 a composite number?
True
Is 226575098461 a prime number?
True
Is 91569997 a composite number?
False
Is 214973917 prime?
True
Is 305807483 prime?
False
Is 352526123 a prime number?
True
Is 12232294187 prime?
True
Is 17982174209 a prime number?
True
Is 8239643347 a composite number?
True
Is 961893683 a composite number?
True
Is 2190715949 a composite number?
True
Is 104383832041 composite?
False
Is 10809658351 composite?
False
Is 1347642691 prime?
True
Is 4567835053 composite?
False
Is 14643239599 a composite number?
True
Is 27460663369 prime?
True
Is 85716577 prime?
True
Is 1690694069 prime?
True
Is 1465372669 a prime number?
True
Is 38586217277 prime?
False
Is 700400383 a prime number?
False
Is 24576523 prime?
True
Is 7662384061 prime?
False
Is 1589979541 composite?
False
Is 1462624663 prime?
False
Is 871189105 composite?
True
Is 86279731 prime?
True
Is 66137303 composite?
True
Is 4577756233 composite?
False
Is 44894489631 a prime number?
False
Is 480924911 a prime number?
False
Is 178279879 prime?
True
Is 1778369006 a composite number?
True
Is 23274840621 a composite number?
True
Is 12733190189 a prime number?
True
Is 191584363 a prime number?
False
Is 11669297053 a prime number?
True
Is 8300079233 prime?
True
Is 110506172293 a composite number?
True
Is 81340337 a prime number?
False
Is 3005792093 a prime number?
True
Is 5910745369 a prime number?
True
Is 14681666603 a composite number?
False
Is 510296411 a prime number?
False
Is 284888561 a prime number?
True
Is 706734307 a composite number?
False
Is 676061359 a composite number?
False
Is 2919406591 a prime number?
False
Is 7155711203 prime?
False
Is 2879163493 a prime number?
True
Is 35360761 a composite number?
False
Is 1425511 a prime number?
True
Is 607563049 a composite number?
True
Is 6925740189 prime?
False
Is 146510599 a prime number?
False
Is 1935589 a prime number?
True
Is 1644579701 a composite number?
False
Is 42159378763 a composite number?
True
Is 2914709773 composite?
False
Is 959427277 composite?
True
Is 85427671603 a composite number?
True
Is 1631937121 composite?
False
Is 4037112863 composite?
True
Is 4006171297 composite?
True
Is 18794644163 composite?
False
Is 6042646991 prime?
False
Is 4502161393 a prime number?
False
Is 4597736861 prime?
False
Is 5254347079 a composite number?
True
Is 58077355127 composite?
True
Is 4652722397 a composite number?
True
Is 175030027 composite?
True
Is 470953711 composite?
False
Is 27070829 a composite number?
False
Is 27085699 prime?
False
Is 519437921 a composite number?
False
Is 6368839327 prime?
False
Is 110836649173 composite?
True
Is 20797112023 a prime number?
True
Is 78943782209 prime?
True
Is 23106172205 composite?
True
Is 13940929661 a prime number?
True
Is 56277505393 composite?
False
Is 15611527829 a composite number?
False
Is 83011459757 a prime number?
True
Is 664156163 composite?
True
Is 67889239681 a prime number?
False
Is 22191428953 prime?
True
Is 970361123 prime?
True
Is 1379812783 a prime number?
False
Is 4840480807 prime?
False
Is 3875965255 a composite number?
True
Is 245919997 a prime number?
True
Is 201625809139 composite?
False
Is 1374404777 a prime number?
True
Is 614433427 composite?
False
Is 8123962939 composite?
False
Is 1641306619 a composite number?
False
Is 5313154027 a composite number?
False
Is 6088085221 a composite number?
False
Is 3259604807 prime?
True
Is 13472085511 a composite number?
True
Is 104277311 composite?
True
Is 3312501529 prime?
True
Is 18103256135 a prime number?
False
Is 3976045103 prime?
True
Is 4014932443 a prime number?
True
Is 27181447487 prime?
False
Is 391874491 composite?
True
Is 4854517343 a prime number?
False
Is 231475087 prime?
False
Is 23192506339 composite?
True
Is 2967138497 prime?
False
Is 816746531 prime?
True
Is 1539444743 a composite number?
True
Is 5729335853 a prime number?
True
Is 33380561801 prime?
False
Is 213859087 a prime number?
False
Is 21672997949 a prime number?
True
Is 27271131163 a prime number?
False
Is 88852445527 a composite number?
True
Is 10472062889 a composite number?
False
Is 3347181993 composite?
True
Is 56410627079 prime?
True
Is 1416245813 a composite number?
False
Is 1733567953 a composite number?
True
Is 275587061 a prime number?
False
Is 1176755479 a composite number?
True
Is 25956487411 a composite number?
True
Is 2529847493 a composite number?
True
Is 5407426769 a composite number?
False
Is 15925799369 a prime number?
True
Is 3686045711 prime?
False
Is 5420280521 a composite number?
False
Is 1029120457 composite?
False
Is 1827995881 a prime number?
False
Is 50842842823 composite?
False
Is 149727898 prime?
False
Is 55571970097 prime?
False
Is 93661672855 prime?
False
Is 288677143 prime?
True
Is 79721409517 composite?
True
Is 8067286691 a prime number?
False
Is 9678015283 prime?
True
Is 417825593 composite?
False
Is 675568841 a prime number?
False
Is 6050802283 a composite number?
True
Is 1305937261 prime?
False
Is 8091158315 a composite number?
True
Is 17051509599 prime?
False
Is 119868539473 a prime number?
False
Is 1414819847 a composite number?
True
Is 1029799577 composite?
True
Is 15834453797 a composite number?
False
Is 71805557 composite?
False
Is 7618843337 a composite number?
True
Is 16622895053 composite?
False
Is 1018846039 prime?
True
Is 4285489619 prime?
True
Is 4536467571 a composite number?
True
Is 3424509989 a composite number?
False
Is 2077478813 composite?
True
Is 1848163826 a prime number?
False
Is 71432976727 a composite number?
True
Is 392166779 prime?
False
Is 748794097 a prime number?
True
Is 7741924943 a composite number?
False
Is 6733210931 composite?
True
Is 29222094299 a composite number?
False
Is 5531712689 composite?
True
Is 10176248213 composite?
False
Is 3077444671 a prime number?
False
Is 5007604013 a prime number?
False
Is 8336279257 prime?
True
Is 10499099803 a prime number?
True
Is 505671911 a prime number?
False
Is 1510632667 a prime number?
True
Is 8101036543 a prime number?
True
Is 200176885277 a prime number?
True
Is 14162737219 prime?
False
Is 11641720063 prime?
True
Is 2338499069 prime?
False
Is 249238477 prime?
True
Is 16705124743 a composite number?
False
Is 353316919 a composite number?
True
Is 319070149 a composite number?
False
Is 117184725769 composite?
False
Is 270923161 prime?
True
Is 43277862437 prime?
True
Is 252837593 a pr